)
-6
0 - -6 - (-15 - (-11 - (17 - 12)))
5
Calculate 55 - (49 + -19 - 6).
31
What is the value of -6 + 58 + -2 + -21?
29
What is the value of -23 - (29 + (-39 - 21))?
8
(-20 - -6 - -4) + 11 + (-1 - -7)
7
-13 - (10 + (-25 - 6))
8
Calculate (31 - -7) + -29 - (-1 + 5).
5
Evaluate -40 - 1 - (44 + -60 - (-8 + 1)).
-32
What is the value of 13 - 2 - (36 - (-9 - (1 + -7)))?
-28
2 + -5 + -1 + -11 + -2 + 3
-14
What is (-9 - -24 - 10) + 4 - 12?
-3
What is the value of 0 + -14 + 12 - -11?
9
7 + (4 - (27 - 3))
-13
What is (7 + 0 - (-27 + 44)) + 3 + -5?
-12
Calculate (-33 - 11) + 41 + 1 + -8.
-10
-20 + (23 - 18) - -30
15
What is (14 - ((17 - 4) + -4)) + -27?
-22
What is 2 + (-4 - -18) + (28 - 32)?
12
What is the value of 2 - (9 + -18 + (8 + 2 - 1))?
2
What is the value of ((0 - 5) + 0 - -16) + -15?
-4
Evaluate -20 - (-22 - (2 - 12) - (-4 - 1)).
-13
What is the value of -9 + 0 - (-4 - (3 - -5))?
3
What is 20 + 1 + -8 + -44?
-31
What is -5 - -4 - ((10 - 4) + -5)?
-2
What is the value of -12 - -40 - 15 - 25?
-12
What is the value of (19 - -1) + (-7 + 7 - (-10 + 12))?
18
Calculate 3 + 4 - (48 + -2 - (11 + -3)).
-31
Calculate -2 + 4 + 6 + -1 + -18 + 41.
30
What is the value of -5 + (-1 - -3) - (31 - 50) - 4?
12
Calculate -7 + 2 + 21 + -14.
2
Evaluate -2 + 5 + (19 - 30).
-8
Calculate -3 - (7 + -28 - (7 + -2 + -11)).
12
Calculate -6 + (19 - 15) + 0.
-2
What is the value of -16 + (-14 - -20) + 13?
3
What is the value of (3 - 10 - 4) + 1 + -3 + 1?
-12
9 + -4 + -2 + -8 - (-9 - -7)
-3
What is -2 + (2 - (8 + 1 - 20))?
11
What is the value of (-21 - -14) + -8 - -17?
2
What is the value of (-12 - -6) + 5 + 2?
1
Evaluate (1 - -1 - (-7 - -11)) + (-18 - -32).
12
What is the value of -4 + 17 + 0 + (73 - 83)?
3
What is the value of 379 + -388 - (0 - (-1 + 20))?
10
What is the value of 2 + -8 + -24 + 1?
-29
-12 + 4 + -3 + 7 - 6
-10
Calculate (-2 - -9) + 13 + 4 + -8 + -13.
3
Calculate -5 + (-31 - -34 - (8 + -2)).
-8
What is 37 + -20 + -6 - -1?
12
Evaluate 9 - 14 - 4 - (27 - (-8 - -10)).
-34
-18 + (25 + -7 - -12)
12
Evaluate -21 + 35 + (4 - 2) + 2.
18
What is -12 + 3 - (-269 - -289)?
-29
What is (-9 - (-10 - 8)) + (2 - 10)?
1
-6 - ((-14 - -14) + (3 - 1)) - -12
4
-11 - ((10 - -1) + 93 + -88 - -8)
-35
Calculate 17 - (34 + -23 + 4).
2
Evaluate (-1 + 4 - 4) + -2 + 4.
1
What is the value of -2 - ((0 - (6 + 0)) + (2 - 0))?
2
What is -4 + 11 + (-2 - (6 + 0)) - -4?
3
What is the value of 5 - 1 - (28 + -13 + -26)?
15
What is 19 + (-27 - -17) + -5?
4
Evaluate 0 + 11 + -17 - (3 + -1).
-8
What is the value of 39 + (-14 - 10) - 36?
-21
6 - (-9 + 15 - 7 - 9)
16
What is the value of 4 + 5 - (-4 - -25 - -1)?
-13
What is the value of (12 - 29) + 41 + -32?
-8
What is 2 + 6 - (-2 + 8) - -4?
6
Evaluate (-16 - 6) + -5 + 21.
-6
What is the value of 1 - -14 - (73 + -73) - (9 - 1)?
7
Evaluate 6 + -7 + 12 + 2 + 9 + -3.
19
(-75 + 75 - (1 + 3)) + 11
7
What is (-29 - -4 - -41) + (0 - -11)?
27
Calculate -4 - ((-16 + 9 - 21) + (2 - -2)).
20
What is (4 - (8 - -1)) + 0 + 4 + -8?
-9
What is 3 + 0 + -1 - 2 - (37 + -36)?
-1
(-18 - (-34 - 7)) + -29
-6
Evaluate -2 + -8 + (10 - 3) - 11.
-14
Calculate -22 + -4 + 17 + -1.
-10
Calculate -1 - (-5 - -5 - (5 - (-1 - 3))).
8
What is the value of -8 - -17 - (1 + -2)?
10
What is -1 + 3 + -15 + -6 + 14?
-5
What is the value of -5 + -2 + 3 - -4 - (9 - 5)?
-4
(-24 - -2) + 13 + 2
-7
Calculate (-4 - (-3 + 0 - -3)) + 6.
2
107 + (-9 - 33) + -38
27
What is the value of 4 - ((2 - (-4 + 9)) + (6 - -3))?
-2
What is the value of (7 - -6) + -5 + 1?
9
-13 + 10 + 27 + 6
30
14 + (0 + 5 - 10) - (-21 + 47)
-17
Evaluate 151 + -146 - (-6 - -3 - -2).
6
Calculate (-6 - (-4 + -1)) + -12 + -1.
-14
Calculate (-36 - -22) + -7 + 35.
14
What is the value of -2 + 17 + 28 - 1?
42
Calculate -16 - (6 + 10 - 27).
-5
What is 1 - 10 - (3 - (37 - 21))?
4
(-118 - -137) + 0 + 1 + 7
27
What is the value of (4 - -2) + (-1 - -14) + -11?
8
Calculate -11 + -1 + -7 + 17 + (19 - -5).
22
What is the value of 18 + -8 + -26 - (-8 + -3 + 5)?
-10
What is 22 - 22 - ((-1 - 2) + (6 - 9))?
6
Calculate (26 - (1 - 0)) + (448 - 458).
15
5 + (-4 - (1 - 6)) + -4
2
Calculate -12 + -4 + -4 + (-18 - -25).
-13
Evaluate 0 + 7 - (-14 + 5 + 19).
-3
-12 - (-6 + (-22 - -27))
-11
Calculate -28 + (9 - (1 + 21)) + 26.
-15
23 + (7 - 44) + -3 + 32
15
Evaluate 38 + -51 - (-2 + -8).
-3
Evaluate -28 - (-3 + 6 + 2 + -10).
-23
Evaluate -1 + 0 + 7 + (-51 - (55 - 86)).
-14
What is -1 + -4 - (19 - 30)?
6
(8 - (0 - -6)) + (14 - 25)
-9
What is 54 - (102 + -51) - (4 + -1)?
0
-7 + 25 + (-23 - -9) - 1
3
Evaluate (-31 - (4 - 5)) + (96 - 89).
-23
What is -2 + 12 - (-22 - -34 - -5)?
-7
Evaluate -10 - (1 + -8 + 4 + 1 + -1).
-7
What is 33 + (-11 - (-25 - -27))?
20
Evaluate 7 - (-9 + 2 - 2 - (-23 + 6)).
-1
Evaluate (-128 - -92) + 5 + 13.
-18
Calculate -2 + 0 + 14 + 23 + -13.
22
Evaluate -3 + -1 + -2 + (0 - 0) + -5.
-11
Evaluate -21 + 0 - (-2 + (16 - 26) + 9).
-18
What is the value of -25 - (10 + -13 + -33)?
11
-6 - ((2 - -7) + -25 + 11)
-1
What is the value of 20 + -17 + 13 + -33 + 1?
-16
What is -10 + (2 + -2 - (-11 + 22 - 11))?
-10
Evaluate 4 + 1 + 9 + -15 + 5.
4
What is the value of (3 - -7) + -9 - (4 + (4 - 2))?
-5
What is the value of -5 - 5 - (3 - 13)?
0
What is the value of (0 - (4 - (10 - 13))) + 0?
-7
Evaluate (-17 - (-50 + 13)) + -19.
1
What is (3 - 13 - -1) + (-4 - (16 - 10))?
-19
Evaluate (-8 - -27) + -61 + 60.
18
Evaluate (-11 - -13) + 4 + 1 - 26.
-19
Evaluate (-11 - (2 - -2)) + -2 + 5.
-12
Calculate 2 + -9 + 7 + -6 + 3.
-3
0 + (-12 + 1 - (-7 + 13 - 14))
-3
What is 10 + (3 + -4 - 2) - (19 + -15)?
3
What is the value of (95 - 88) + -8 + (0 - (-2 - -2))?
-1
Calculate (8 + 10 - 6) + (-18 - -6).
0
What is 9 + -2 + 4 + (127 - 127)?
11
Calculate 3 + (16 + -34 - (-3 - (1 + -1))).
-12
What is 1 + -3 + 8 + -2 + (2 - 3)?
3
2 + (35 - (-13 - -25))
25
-1 - -9 - (-2041 - -2050)
-1
What is the value of (-6 + 7 + -4 - 1) + 12 + -1?
7
What is -8 - (3 - (5 - (1 + 0)))?
-7
What is 20 + (-3 - -33) + -16?
34
Calculate (0 + -11 - 1) + -2 + -16.
-30
-21 + (269 + -256 - (1 - -4))
-13
What is the value of -8 + (-45 - -42) - (-31 + -1)?
21
Calculate -51 + 47 + 11 + -27.
-20
What is -1 - (16 - 17 - (-1 + 2))?
1
What is the value of (-1 - 15) + (-28 - -51) + -3?
4
Calculate 0 + -2 + 1 - (-44 + 40).
3
What is the value of 7 + -6 - 10 - (-3 - (17 + -4))?
7
What is the value of (2 - (1 + -1)) + 0 + 20 + -17?
5
0 - -10 - (-16 + 6 + 10)
10
Evaluate 29 + -33 + -7 + 4.
-7
(34 - 13) + -12 + 1 + -8
2
What is the value of -31 + -13 + (1 - (-19 + 3))?
-27
Evaluate (698 - 693) + (-5 + 15 - (0 - 0)).
15
37 + 53 + -74 - (1 + 14)
1
Calculate 12 + (-36 - -26) + (0 - 13).
-11
37 + -6 + -11 + -2 + 4 + -5
17
What is 13 - (-6 + (26 - 13))?
6
Calculate 5 - (-31 - 2) - 59.
-21
What is 0 - 15 - ((30 - 0) + -25)?
-20
What is 6 + (-1 - (1 - -16) - (-36 + 27))?
-3
What is the value of -8 + (27 - 16) + -23 + 1?
-19
Evaluate -28 - (5 + -11) - (0 - 2 - 1).
-19
Evaluate -1 - ((-1 + 3 - 1) + 0).
-2
Evaluate 11 + (1 + 3 + -13 - -9).
11
(-5 - -12) + (0 - (0 + (4 - -1)))
2
Evaluate 2 - (3 - (2 - 16)) - (-10 + 5).
-10
What is the value of 4 - (3 + (-31 + 13 - -28))?
-9
What is 2 + 12 - 20 - (1 + -9 + 0)?
2
Calculate -262 + 269 + 6 + 2 + -2.
13
What is (354 - 374) + (-1 - -4)?
-17
What is the value of -43 - -35 - (-12 - 0)?
4
Calculate -14 - (-1 - (2 + -17 + 13)).
-15
Calculate -16 + 33 + -17 + -14.
-14
((2 - 3) + -2 - (12 - 16)) + 13
14
Calculate -16 + -11 + 25 + -2 + -10 + 2.
-12
Evaluate (0 - 1) + (6 - 34) + 63 + -34.
0
What is 23 + (-6 - 4) - (8 - 12)?
17
Calculate -5 + (-1 + 13 - (0 - (11 - 8))).
10
Calculate -12 - -11 - -3 - (2 + (-1 - -4)).
-3
Evaluate -35 - (-68 - (-46 - -31)).
18
What is -230 + 218 + (0 - 1)?
-13
What is the value of (13 - 6) + -5 - (10 - -4)?
-12
What is -26 + (7 - (5 + -16))?
-8
Evaluate -1 + (-22 - -20) + -10.
-13
What is 14 - (12 + (-7 - -15))?
-6
Evaluate 15 + -5 - (19 + 8 - 29).
12
(0 - -1) + (-314 - -299)
-14
Calculate 3 - 1 - 11 - 20.
-29
(-12 - (11 - 17)) + 9 - -1
4
Evaluate -41 - -39 - (0 + -6) - -8.
12
12 - (-1 + -1 - -9 - 4) - -2
11
What is the value of -11 + 1 - (22 - -2 - (-95 + 149))?
20
What is (-2 - -16) + (18 - 7 - 35)?
-10
Calculate (-11 - (3 - -1 - (-5 + 2))) + 7.
-11
16 + 6 + (0 - 6)
16
Calculate -6 + (-16 + -5 - -21 - (0 + -18)).
12
What is the value of (20 - (-31